 - v. Determine b(x).
2
Let h be 2/4*(-1 - -1). Let u(x) = -7*x**2 - 97*x + 41. Let w(m) = 3*m**2 + 43*m - 20. Let p(n) = -4*u(n) - 9*w(n). Give p(h).
16
Suppose x + 13 = 2*m, 3*x + 14 = 2*m - 1. Let n be 18/(-3) + m + -4. Let a(d) be the third derivative of -d**5/60 - d**4/8 - d**3/2 + d**2. Give a(n).
-7
Let h(i) = 3*i**2 + i - 2. Suppose 0 = 2*j - 7*j - b + 584, 3*j = b + 344. Let z = j - 119. What is h(z)?
22
Let o(u) = 3*u + 0 - 1 + 2. Suppose 166 = 8*y - 154. Let t = y + -39. Calculate o(t).
4
Let i(r) = 5*r - 8. Let v(z) = -z + 1. Let u(x) = -i(x) - 4*v(x). What is u(-8)?
12
Let q be (2 + 5/(-3))/(8/120). Let o(v) = 6*v + q - 1 - 7*v. Give o(0).
4
Let r(j) = -26*j + 20. Let s(l) = 9*l - 7. Let i(w) = -6*r(w) - 17*s(w). Let d(g) = -g**2 - 6*g + 8. Let a be d(-7). Give i(a).
2
Let w(k) = -7*k**3 - 6*k**2 - 2*k - 9. Let z(s) = s**3 + 2*s**3 - 2*s**3. Let h(q) = -w(q) - 6*z(q). Give h(-6).
-3
Let r = 2 + 1. Suppose 3*z - 4*u - 15 = 2*z, -81 = -r*z + 3*u. Let s = -26 + z. Let b(h) = -h**3 + 4*h**2 + 5*h. Give b(s).
0
Suppose -161 = -5*i - 66. Suppose -4*n + 3*l + i = 0, 3*l = -0*n + 5*n - 23. Suppose n*p = 2*p + 2. Let o(f) = -15*f + 1. Give o(p).
-14
Let m(v) = -v. Let s be m(0). Suppose s = p + 3*p - 12. Let r be ((-2)/p)/((-14)/63). Let t(c) = -c**2 - c + 1. Calculate t(r).
-11
Suppose 2*m = -8*j + 4*j + 42, -4*j + 57 = -3*m. Let n = -9 + j. Let u(w) = -4*w - 4. Give u(n).
-16
Let d(j) = 11*j - 8 + j - 11*j. What is d(7)?
-1
Let p(b) be the third derivative of b**5/60 - b**4/24 - 14*b**3/3 - 27*b**2 - 1. What is p(0)?
-28
Let g(y) be the second derivative of 11*y**4/12 + 3*y**2/2 - 110*y. Determine g(-2).
47
Suppose -67*d + 672 = 2. Let t(g) = -g**2 + 10*g - 5. Determine t(d).
-5
Let s(a) = -9*a + 125. Let i be s(14). Let h(r) = 10*r + 2. Determine h(i).
-8
Let t(c) = 15*c**2 + 9*c - 6*c - 16*c**2 - 4. Determine t(3).
-4
Let w(h) = 5*h - 1. Let q = -7 + 21. Suppose 5*r = -q + 9. Determine w(r).
-6
Suppose 3 = -2*g + 13. Suppose 0 = g*r - r + 4*f + 4, -1 = -3*r - 2*f. Let i(q) = 3*q. What is i(r)?
9
Suppose -4*d + 2*f + 0*f - 50 = 0, -d - 2*f = 0. Let g(y) = y**2 + 10*y + 3. Let z be g(d). Let h(r) = -2 + z*r + r - 4*r + 3*r. Determine h(3).
7
Let u(y) = -10 + 3 + 13*y - 17*y. Let j(f) = 13*f + 20. Let a(b) = -4*j(b) - 11*u(b). Determine a(-2).
13
Let m(k) = 1 + 5*k + 7*k - 3*k. Suppose 3*p - 2*t - 12 = 0, t + 3 = -2*p + 11. Suppose 18 = -2*d + p*n, 15 = -0*d + 5*d + 2*n. Give m(d).
10
Suppose 0 = -a - 2 + 19. Let s be (-2)/6*13*3. Let b = a + s. Let q(o) = o**2 - 4*o + 6. Determine q(b).
6
Let x = -265 - -252. Let p(g) = g**3 + 13*g**2 - g - 13. What is p(x)?
0
Let l(j) be the first derivative of 7 + 3/2*j**2 - 4*j. Let b(q) = -q**2 - q + 3. Let u be b(0). Give l(u).
5
Let a(f) = -2*f + 4. Let x be (12/(-8))/(-3)*10. What is a(x)?
-6
Let o(p) be the third derivative of 0 + 0*p**5 - 10*p**2 - 1/6*p**3 + 0*p**4 + 7/120*p**6 + 0*p. Give o(1).
6
Let m(y) = -7*y - 9. Let t be 3/(-4) + 1365/(-260). Calculate m(t).
33
Let n(o) = 138 - 124 + 54*o - 27*o - 25*o. Give n(-4).
6
Suppose -4*o + 45 = o. Let u(i) = -10*i**2 + 8*i + 6. Let v(y) = 3*y**2. Let h(x) = -u(x) - 3*v(x). Calculate h(o).
3
Let j(g) be the second derivative of g**3/3 + 23*g**2/2 + 142*g. What is j(-13)?
-3
Let r(q) = 2*q**2 + 5*q - 4. Let i = 7 + -6. Suppose 3*k + i = 7. Suppose 3*c + k*c = -20. Give r(c).
8
Let h = 16 + -8. Let a(c) be the third derivative of -c**6/120 + 2*c**5/15 + c**4/12 - 7*c**3/6 - 2*c**2 + 21*c + 7. Give a(h).
9
Let i(m) = -2*m**2 + 2*m**2 + m**3 + 2. Suppose 0 = -2*y + 1 - 9. Let l(t) = t + 2. Let a be l(y). Determine i(a).
-6
Suppose 0 = 2*r + 3*r. Let k(i) = -i**2 + 3*i + 1. Let x(o) = -3*o**2 + 8*o + 3. Let u(p) = -8*k(p) + 3*x(p). Give u(r).
1
Let k(r) = r + 2. Suppose v - n + 2 = 0, 0 = -v + 2*n + n - 6. Suppose 2*t - s + 6 = v, 3*t = 4*t - 2*s + 3. Determine k(t).
-1
Let c(f) = -4*f - 3. Let u be c(-2). Let x(v) = -7*v**3 - 14*v**2 + 5*v - 8. Let p(q) = 8*q**3 + 15*q**2 - 5*q + 9. Let w(o) = 8*p(o) + 9*x(o). Determine w(u).
0
Let k(q) be the second derivative of -q**5/20 - q**4/4 - q**3/3 - 4*q**2 - 247*q. Calculate k(-4).
16
Let x = 0 - -2. Let p(l) = -3*l. Let z be p(-2). Let s(o) = o + 2*o + 3 - z*o. Give s(x).
-3
Let k(o) = 3*o**2 + 2*o - 2. Let j(g) = -3*g**2 - 2*g + 2. Let u(n) = -4*j(n) - 5*k(n). Give u(-2).
-6
Let s be 2 + 25/(-20) - 86/8. Let g = -8 - s. Let a(w) = -w**3 - 2. Calculate a(g).
-10
Let k = -996 - -996. Let n(l) = -l - 6. Give n(k).
-6
Let u be (1 - 1/5)/(2/10). Suppose -12 = -8*j - u. Let m(x) = -10*x**2 + 2*x - 1. Determine m(j).
-9
Suppose -2*x + 4 - 2 = 0. Let p(o) = -o**2 + 1. Calculate p(x).
0
Suppose -2 - 19 = 3*k. Let y(z) be the third derivative of z**4/24 + z**3 + 15*z**2. Let x be y(k). Let f(o) = 2*o**2 - 2*o - 1. Determine f(x).
3
Let y(q) = -q**2 - q. Let d be y(-3). Let u(g) = 6*g - 1. Let n(l) = -l. Let p(k) = -5*n(k) - u(k). Determine p(d).
7
Let f(m) = -m + 1. Let i(o) be the second derivative of -o**3/3 + 3*o**2/2 - 4*o. Let n(s) = -11*f(s) + 6*i(s). Calculate n(0).
7
Let d(n) be the first derivative of -n**3/3 + 4*n**2 - 4*n + 3. Suppose -22*i + 186 = 32. Calculate d(i).
3
Let l(t) be the third derivative of -t**4/24 - 274*t**2. Determine l(5).
-5
Let l(b) = b**3 + 11*b**2 + 2*b + 15. Suppose -3*c + 20 + 9 = -4*m, -3*m + 4*c - 13 = 0. What is l(m)?
-7
Let c(m) = 10*m**2 - 2*m**2 - 5*m**2 + m + 2*m**2 - 7*m**2. Let v = 6 + -7. Determine c(v).
-3
Let l(v) = 3*v**3 + 8*v**2 + 103*v - 1. Let q(c) = -c**3 - 3*c**2 - 36*c. Let n(t) = 6*l(t) + 17*q(t). What is n(2)?
2
Suppose j - 22 - 53 = 0. Let r(v) = 84*v**2 - 1 + 1 - j*v**2. Give r(-1).
9
Let t(x) be the second derivative of 0 + 1/6*x**3 + 7/2*x**2 - 39*x. Give t(-7).
0
Let j(t) = 9*t + 21*t - t**2 + 2 - 56*t. What is j(-26)?
2
Let h(r) be the second derivative of -r**5/20 - 7*r**4/6 - 7*r**2 + 81*r. Give h(-14).
-14
Suppose 9*i + 2 = -7. Let v be (6/(-9))/(i/3). Let b(h) = h**2 + 3*h - 3. Give b(v).
7
Let x(f) = f. Let b(q) = -q + 3. Let m(k) = -2*k + 3. Let p(v) = -6*b(v) + 5*m(v). Let o be p(-2). Calculate x(o).
5
Let r(k) = k**2 + 13*k - 13. Let d be r(-14). Let x(q) = -q - 1. Give x(d).
-2
Let t(p) be the first derivative of p**4/4 + 10*p**3/3 + p**2/2 + 4*p - 147. What is t(-10)?
-6
Let x(b) = b + 1. Let v(r) = 10*r + 9. Let s(n) = -v(n) + 7*x(n). Let u(c) = c - 11. Let m be u(6). Give s(m).
13
Let f(k) = -k**3 + k**2 - k + 4. Let u(i) = i + 1. Let d = 10 + -5. Suppose 7*t = 2*t - d. Let n be u(t). Give f(n).
4
Let j(u) = 3*u**2 + 3*u + 1. Let g(p) = -p - 18. Let n be g(-15). What is j(n)?
19
Let h be 3 - (1 + 7)/8. Let y(w) = w**3 - 4*w**2 + w - 2. Calculate y(h).
-8
Let a(i) = -i**2 - 21*i + 6. Let d(v) = -3*v**2 - 54*v + 19. Let t(l) = -8*a(l) + 3*d(l). Let k(s) = -s**2 - 5*s + 3. Let c be k(-4). Give t(c).
2
Let k(w) = -w**3 - 2*w**2 - 3. Suppose 59 = -9*y + 32. Determine k(y).
6
Let d(w) = -4 - w + 4. Suppose 0*k = -6*k + 6. Suppose 0*g = -g + l - 11, -l = g + k. Give d(g).
6
Let f(z) = -z**3 + 19*z**2 - 2*z + 40. Let g be f(19). Let y(r) = 0*r**3 + 10 + 3*r**3 + 4*r - 3 - 7*r**2 - g*r**3. Determine y(6).
-5
Let c(g) = -g**2 - 10*g - 7. Let h be (1 - (-28)/(-20))*-5. Suppose -5*r + 6 + 2 = w, -h*w - 2*r - 8 = 0. What is c(w)?
14
Let f(v) = 9*v**3. Let m be (-2 + (5 - 1))*1. Suppose -10 = z - 4*a, 0*z = 5*z - 5*a + 80. Let r be m/(-3)*z/(-12). Determine f(r).
-9
Let t be (-32)/(-176) + 13/(-11) + -2. Let x(n) = 21*n + 6. Calculate x(t).
-57
Let v(p) = 0 - 8 - 156*p - p**2 + 150*p. Give v(-6).
-8
Let r(x) = 3*x**2 + 8*x - 6. Let t be r(-6). Let z = t - 81. Let h be (-20)/(-6)*z/18. Let o(c) = -c - 7. Give o(h).
-2
Let u(l) = 2*l - 3. Let m = 71 + -35. Let r = m - 31. Determine u(r).
7
Let w(j) = 5*j**2 - 7*j + 5. Let v(x) = x**2 - 1. Let y(g) = -4*v(g) + w(g). Determine y(6).
3
Let z be (-24)/(-18)*(-12)/8. Let m(s) = 9*s - 1. What is m(z)?
-19
Let k(q) be the first derivative of q**2/2 - 4*q + 3. Let g be k(6). Let v(w) = -368*w**2 + 3*w - 370*w**2 - 1 + 737*w**2. What is v(g)?
1
Let c(r) = 2*r - 6. Let u(k) = -3*k + 8. Let y(n) = 5*c(n) + 3*u(n). What is y(-5)?
-11
Let i(y) = 4*y**2 - 5*y + 1. Let g(a) = -5*a**2 + 4*a - 1. Let c(l) = -5*g(l) - 4*i(l). Give c(-1).
10
Let h be 6/1 + (-43 - -30). Let l(f) = -f**3 - 6*f**2 + 6*f - 5. Give l(h).
2
Le